{"id":40,"date":"2021-08-20T11:12:00","date_gmt":"2021-08-20T14:12:00","guid":{"rendered":"https:\/\/henripel.com.br\/?page_id=40"},"modified":"2024-11-15T18:19:23","modified_gmt":"2024-11-15T21:19:23","slug":"solucoes","status":"publish","type":"page","link":"https:\/\/www.henripel.com.br\/index.php\/solucoes\/","title":{"rendered":"Solu\u00e7\u00f5es"},"content":{"rendered":"\n<div class=\"wp-block-columns alignwide is-layout-flex wp-container-core-columns-is-layout-9d6595d7 wp-block-columns-is-layout-flex\">\n<div class=\"wp-block-column is-layout-flow wp-block-column-is-layout-flow\" style=\"flex-basis:100%\">\n<p class=\"has-text-align-center has-black-color has-text-color has-medium-font-size\">Temos diversas solu\u00e7\u00f5es para atender seus clientes na reciclagem, recupera\u00e7\u00e3o de res\u00edduos, coleta e transportes, loca\u00e7\u00e3o de equipamentos, presta\u00e7\u00e3o de servi\u00e7os ambientais e comercializa\u00e7\u00e3o de recicl\u00e1veis. <\/p>\n<\/div>\n<\/div>\n\n\n\n<figure class=\"wp-block-gallery alignwide has-nested-images columns-5 is-cropped wp-block-gallery-1 is-layout-flex wp-block-gallery-is-layout-flex\">\n<figure class=\"wp-block-image size-large\"><img loading=\"lazy\" decoding=\"async\" width=\"470\" height=\"330\" data-id=\"160\" src=\"https:\/\/www.henripel.com.br\/wp-content\/uploads\/2021\/08\/reciclagem-fabrica-reciclar-residuos-470x330-1.jpg\" alt=\"\" class=\"wp-image-160\" srcset=\"https:\/\/www.henripel.com.br\/wp-content\/uploads\/2021\/08\/reciclagem-fabrica-reciclar-residuos-470x330-1.jpg 470w, https:\/\/www.henripel.com.br\/wp-content\/uploads\/2021\/08\/reciclagem-fabrica-reciclar-residuos-470x330-1-300x211.jpg 300w\" sizes=\"auto, (max-width: 470px) 100vw, 470px\" \/><\/figure>\n\n\n\n<figure class=\"wp-block-image size-large\"><img loading=\"lazy\" decoding=\"async\" width=\"317\" height=\"159\" data-id=\"171\" src=\"https:\/\/www.henripel.com.br\/wp-content\/uploads\/2021\/08\/images-2.jpg\" alt=\"\" class=\"wp-image-171\" srcset=\"https:\/\/www.henripel.com.br\/wp-content\/uploads\/2021\/08\/images-2.jpg 317w, https:\/\/www.henripel.com.br\/wp-content\/uploads\/2021\/08\/images-2-300x150.jpg 300w\" sizes=\"auto, (max-width: 317px) 100vw, 317px\" \/><\/figure>\n\n\n\n<figure class=\"wp-block-image size-large\"><img loading=\"lazy\" decoding=\"async\" width=\"275\" height=\"183\" data-id=\"167\" src=\"https:\/\/www.henripel.com.br\/wp-content\/uploads\/2021\/08\/download-3.jpg\" alt=\"\" class=\"wp-image-167\"\/><\/figure>\n\n\n\n<figure class=\"wp-block-image size-large\"><img loading=\"lazy\" decoding=\"async\" width=\"275\" height=\"183\" data-id=\"168\" src=\"https:\/\/www.henripel.com.br\/wp-content\/uploads\/2021\/08\/images-10.jpg\" alt=\"\" class=\"wp-image-168\"\/><\/figure>\n\n\n\n<figure class=\"wp-block-image size-large\"><img loading=\"lazy\" decoding=\"async\" width=\"840\" height=\"591\" data-id=\"156\" src=\"https:\/\/www.henripel.com.br\/wp-content\/uploads\/2021\/08\/madeira1-840x591-1.jpg\" alt=\"\" class=\"wp-image-156\" srcset=\"https:\/\/www.henripel.com.br\/wp-content\/uploads\/2021\/08\/madeira1-840x591-1.jpg 840w, https:\/\/www.henripel.com.br\/wp-content\/uploads\/2021\/08\/madeira1-840x591-1-300x211.jpg 300w, https:\/\/www.henripel.com.br\/wp-content\/uploads\/2021\/08\/madeira1-840x591-1-768x540.jpg 768w\" sizes=\"auto, (max-width: 840px) 100vw, 840px\" \/><\/figure>\n\n\n\n<figure class=\"wp-block-image size-large\"><img loading=\"lazy\" decoding=\"async\" width=\"630\" height=\"420\" data-id=\"155\" src=\"https:\/\/www.henripel.com.br\/wp-content\/uploads\/2021\/08\/sucata-metalica1-630x420-1.jpg\" alt=\"\" class=\"wp-image-155\" srcset=\"https:\/\/www.henripel.com.br\/wp-content\/uploads\/2021\/08\/sucata-metalica1-630x420-1.jpg 630w, https:\/\/www.henripel.com.br\/wp-content\/uploads\/2021\/08\/sucata-metalica1-630x420-1-300x200.jpg 300w\" sizes=\"auto, (max-width: 630px) 100vw, 630px\" \/><\/figure>\n\n\n\n<figure class=\"wp-block-image size-large\"><img loading=\"lazy\" decoding=\"async\" width=\"1024\" height=\"682\" data-id=\"154\" src=\"https:\/\/www.henripel.com.br\/wp-content\/uploads\/2021\/08\/plasticos1-1024x682-1.jpg\" alt=\"\" class=\"wp-image-154\" srcset=\"https:\/\/www.henripel.com.br\/wp-content\/uploads\/2021\/08\/plasticos1-1024x682-1.jpg 1024w, https:\/\/www.henripel.com.br\/wp-content\/uploads\/2021\/08\/plasticos1-1024x682-1-300x200.jpg 300w, https:\/\/www.henripel.com.br\/wp-content\/uploads\/2021\/08\/plasticos1-1024x682-1-768x512.jpg 768w\" sizes=\"auto, (max-width: 1024px) 100vw, 1024px\" \/><\/figure>\n\n\n\n<figure class=\"wp-block-image size-large\"><img loading=\"lazy\" decoding=\"async\" width=\"630\" height=\"420\" data-id=\"153\" src=\"https:\/\/www.henripel.com.br\/wp-content\/uploads\/2021\/08\/sobras-industriais5-630x420-1.jpg\" alt=\"\" class=\"wp-image-153\" srcset=\"https:\/\/www.henripel.com.br\/wp-content\/uploads\/2021\/08\/sobras-industriais5-630x420-1.jpg 630w, https:\/\/www.henripel.com.br\/wp-content\/uploads\/2021\/08\/sobras-industriais5-630x420-1-300x200.jpg 300w\" sizes=\"auto, (max-width: 630px) 100vw, 630px\" \/><\/figure>\n\n\n\n<figure class=\"wp-block-image size-large\"><img loading=\"lazy\" decoding=\"async\" width=\"1024\" height=\"228\" data-id=\"290\" src=\"https:\/\/www.henripel.com.br\/wp-content\/uploads\/2021\/08\/508264-11-03-2021-09-56-16-1024x228.jpg\" alt=\"\" class=\"wp-image-290\" srcset=\"https:\/\/www.henripel.com.br\/wp-content\/uploads\/2021\/08\/508264-11-03-2021-09-56-16-1024x228.jpg 1024w, https:\/\/www.henripel.com.br\/wp-content\/uploads\/2021\/08\/508264-11-03-2021-09-56-16-300x67.jpg 300w, https:\/\/www.henripel.com.br\/wp-content\/uploads\/2021\/08\/508264-11-03-2021-09-56-16-768x171.jpg 768w, https:\/\/www.henripel.com.br\/wp-content\/uploads\/2021\/08\/508264-11-03-2021-09-56-16-1536x342.jpg 1536w, https:\/\/www.henripel.com.br\/wp-content\/uploads\/2021\/08\/508264-11-03-2021-09-56-16.jpg 1920w\" sizes=\"auto, (max-width: 1024px) 100vw, 1024px\" \/><\/figure>\n<\/figure>\n","protected":false},"excerpt":{"rendered":"<p>Temos diversas solu\u00e7\u00f5es para atender seus clientes na reciclagem, recupera\u00e7\u00e3o de res\u00edduos, coleta e transportes, loca\u00e7\u00e3o de equipamentos, presta\u00e7\u00e3o de servi\u00e7os ambientais e comercializa\u00e7\u00e3o de recicl\u00e1veis.<\/p>\n","protected":false},"author":1,"featured_media":0,"parent":0,"menu_order":0,"comment_status":"closed","ping_status":"closed","template":"templates\/template-page-full-width.php","meta":{"om_disable_all_campaigns":false,"_monsterinsights_skip_tracking":false,"_monsterinsights_sitenote_active":false,"_monsterinsights_sitenote_note":"","_monsterinsights_sitenote_category":0,"footnotes":""},"class_list":["post-40","page","type-page","status-publish","hentry"],"aioseo_notices":[],"_links":{"self":[{"href":"https:\/\/www.henripel.com.br\/index.php\/wp-json\/wp\/v2\/pages\/40","targetHints":{"allow":["GET"]}}],"collection":[{"href":"https:\/\/www.henripel.com.br\/index.php\/wp-json\/wp\/v2\/pages"}],"about":[{"href":"https:\/\/www.henripel.com.br\/index.php\/wp-json\/wp\/v2\/types\/page"}],"author":[{"embeddable":true,"href":"https:\/\/www.henripel.com.br\/index.php\/wp-json\/wp\/v2\/users\/1"}],"replies":[{"embeddable":true,"href":"https:\/\/www.henripel.com.br\/index.php\/wp-json\/wp\/v2\/comments?post=40"}],"version-history":[{"count":10,"href":"https:\/\/www.henripel.com.br\/index.php\/wp-json\/wp\/v2\/pages\/40\/revisions"}],"predecessor-version":[{"id":491,"href":"https:\/\/www.henripel.com.br\/index.php\/wp-json\/wp\/v2\/pages\/40\/revisions\/491"}],"wp:attachment":[{"href":"https:\/\/www.henripel.com.br\/index.php\/wp-json\/wp\/v2\/media?parent=40"}],"curies":[{"name":"wp","href":"https:\/\/api.w.org\/{rel}","templated":true}]}}